75 and 2261.
119
What is the highest common factor of 1494 and 18?
18
Calculate the highest common factor of 600 and 525.
75
Calculate the greatest common divisor of 26 and 2366.
26
What is the highest common divisor of 77 and 66?
11
Calculate the greatest common factor of 23 and 2576.
23
Calculate the greatest common factor of 10580 and 1150.
230
Calculate the greatest common divisor of 92 and 230.
46
What is the greatest common divisor of 615 and 123?
123
What is the greatest common divisor of 18179 and 53?
53
Calculate the greatest common factor of 17 and 3.
1
What is the highest common factor of 13937 and 14?
7
What is the greatest common divisor of 609 and 4379?
29
What is the highest common divisor of 35 and 560?
35
Calculate the highest common divisor of 2 and 578.
2
Calculate the greatest common factor of 144 and 1224.
72
Calculate the highest common divisor of 11 and 2057.
11
Calculate the highest common divisor of 56 and 4438.
14
Calculate the greatest common factor of 620 and 20.
20
Calculate the highest common factor of 25 and 2285.
5
Calculate the highest common factor of 1848 and 840.
168
What is the greatest common divisor of 61 and 14823?
61
What is the highest common factor of 30 and 10?
10
Calculate the highest common divisor of 6402 and 18.
6
Calculate the greatest common factor of 34 and 3434.
34
Calculate the highest common factor of 143 and 182.
13
What is the greatest common factor of 1125 and 495?
45
Calculate the greatest common divisor of 589 and 323.
19
What is the highest common divisor of 175 and 105?
35
What is the highest common factor of 96 and 4128?
96
What is the highest common divisor of 1079 and 13?
13
Calculate the highest common factor of 80 and 48.
16
Calculate the greatest common factor of 345 and 1495.
115
Calculate the highest common factor of 64 and 1024.
64
What is the greatest common factor of 912 and 798?
114
What is the highest common divisor of 4672 and 64?
64
What is the highest common factor of 4042 and 94?
94
What is the highest common divisor of 705 and 60?
15
Calculate the greatest common factor of 135 and 36315.
135
What is the highest common factor of 75 and 90?
15
What is the highest common divisor of 30 and 5235?
15
Calculate the highest common factor of 1136 and 80.
16
What is the highest common divisor of 576 and 64?
64
What is the highest common divisor of 61 and 1?
1
Calculate the greatest common factor of 2795 and 130.
65
What is the greatest common factor of 1580 and 8?
4
What is the highest common factor of 186 and 2914?
62
Calculate the highest common factor of 144 and 504.
72
Calculate the greatest common factor of 561 and 4301.
187
What is the highest common divisor of 456 and 48?
24
Calculate the highest common factor of 385 and 2090.
55
Calculate the highest common divisor of 602 and 210.
14
Calculate the greatest common divisor of 235 and 35015.
235
Calculate the greatest common factor of 28 and 8.
4
Calculate the greatest common factor of 69 and 9407.
23
What is the highest common factor of 11477 and 23?
23
What is the highest common factor of 230 and 40?
10
Calculate the greatest common factor of 417 and 695.
139
Calculate the highest common divisor of 90 and 12330.
90
What is the greatest common factor of 184 and 23?
23
What is the highest common factor of 841 and 29?
29
What is the highest common factor of 4309 and 62?
31
Calculate the highest common factor of 341 and 319.
11
Calculate the greatest common divisor of 16 and 12.
4
What is the highest common factor of 102 and 48?
6
Calculate the greatest common factor of 715 and 3445.
65
Calculate the greatest common divisor of 143 and 55.
11
Calculate the greatest common factor of 1647 and 27.
27
What is the greatest common divisor of 116 and 232?
116
What is the highest common factor of 25 and 56775?
25
What is the highest common factor of 69 and 141?
3
Calculate the highest common divisor of 125 and 65.
5
Calculate the highest common divisor of 66 and 9658.
22
What is the greatest common factor of 18944 and 444?
148
What is the highest common divisor of 112 and 128?
16
Calculate the highest common divisor of 540 and 120.
60
What is the highest common factor of 33 and 11?
11
Calculate the greatest common factor of 9 and 1068.
3
What is the greatest common factor of 3 and 516?
3
What is the greatest common factor of 192 and 648?
24
Calculate the greatest common divisor of 658 and 188.
94
What is the highest common factor of 4815 and 18?
9
What is the greatest common divisor of 3 and 7?
1
Calculate the greatest common factor of 240 and 80.
80
Calculate the highest common divisor of 170 and 255.
85
Calculate the highest common divisor of 136 and 16.
8
What is the greatest common factor of 6 and 174?
6
Calculate the greatest common factor of 30 and 162.
6
What is the highest common factor of 113 and 5989?
113
Calculate the highest common factor of 1068 and 24.
12
What is the highest common divisor of 678 and 6?
6
What is the highest common factor of 52 and 23?
1
What is the greatest common factor of 72 and 26028?
36
What is the highest common divisor of 2461 and 1391?
107
Calculate the highest common divisor of 14 and 14693.
7
What is the highest common factor of 351 and 481?
13
What is the highest common factor of 39 and 39?
39
Calculate the greatest common divisor of 16 and 208.
16
Calculate the highest common divisor of 885 and 60.
15
Calculate the greatest common factor of 24 and 3.
3
What is the highest common factor of 8 and 188?
4
What is the highest common divisor of 2546 and 190?
38
Calculate the highest common divisor of 490 and 5.
5
Calculate the greatest common divisor of 28980 and 90.
90
Calculate the greatest common factor of 73559 and 17.
17
Calculate the greatest common factor of 23 and 920.
23
Calculate the highest common factor of 77 and 119.
7
What is the highest common divisor of 2226 and 56?
14
What is the greatest common factor of 165 and 30?
15
What is the greatest common divisor of 336 and 924?
84
What is the greatest common factor of 102 and 51?
51
What is the greatest common factor of 245 and 1113?
7
Calculate the highest common divisor of 8091 and 279.
279
Calculate the highest common factor of 14380 and 20.
20
Calculate the highest common factor of 2460 and 60.
60
What is the highest common divisor of 68 and 68748?
68
Calculate the highest common divisor of 2 and 26.
2
What is the highest common divisor of 33 and 2508?
33
Calculate the highest common divisor of 320 and 96.
32
Calculate the greatest common divisor of 400 and 360.
40
Calculate the greatest common divisor of 112 and 168.
56
Calculate the highest common divisor of 7004 and 68.
68
What is the highest common divisor of 646 and 68?
34
What is the greatest common factor of 57 and 4161?
57
What is the greatest common factor of 266 and 56?
14
Calculate the greatest common factor of 474 and 1501.
79
What is the greatest common factor of 920 and 80?
40
Calculate the highest common divisor of 12 and 3884.
4
Calculate the greatest common factor of 104 and 13.
13
What is the highest common divisor of 210 and 280?
70
Calculate the greatest common factor of 24 and 436.
4
Calculate the highest common factor of 1131 and 221.
13
What is the greatest common factor of 470 and 30?
10
What is the greatest common divisor of 15920 and 80?
80
What is the greatest common factor of 318 and 6837?
159
What is the highest common divisor of 2597 and 265?
53
What is the highest common factor of 36 and 652?
4
What is the greatest common factor of 48 and 10992?
48
Calculate the greatest common divisor of 81 and 63.
9
What is the highest common factor of 190 and 266?
38
What is the highest common divisor of 160 and 370?
10
Calculate the greatest common divisor of 6 and 1886.
2
Calculate the highest common divisor of 1325 and 53.
53
What is the greatest common divisor of 6 and 87?
3
What is the greatest common factor of 378 and 108?
54
What is the highest common divisor of 27082 and 44?
22
What is the greatest common factor of 1576 and 8?
8
What is the greatest common divisor of 37 and 4625?
37
Calculate the greatest common factor of 212 and 164.
4
What is the greatest common divisor of 109 and 1090?
109
What is the highest common divisor of 245 and 3871?
49
What 